{"id":4017,"date":"2021-09-29T15:07:55","date_gmt":"2021-09-29T18:07:55","guid":{"rendered":"https:\/\/siquirj.com.br\/?page_id=4017"},"modified":"2021-10-28T10:39:56","modified_gmt":"2021-10-28T13:39:56","slug":"cursos","status":"publish","type":"page","link":"https:\/\/siquirj.com.br\/site2013\/cursos\/","title":{"rendered":"Cursos"},"content":{"rendered":"<table>\n<tr>\n<td><figure id=\"attachment_963\" aria-describedby=\"caption-attachment-963\" style=\"width: 400px\" class=\"wp-caption alignnone\"><a href=\"https:\/\/www.firjan.com.br\/iel\/cursos\/estrategia-e-modelo-de-gestao.htm\" target=\"_blank\"><img decoding=\"async\" class=\"size-full wp-image-963\" alt=\"140 - Mai \/ 2013\" src=\"https:\/\/siquirj.com.br\/site2013\/wp-content\/uploads\/FirjanIELCurso1-e1632938208691.jpg\"\/><\/a><figcaption id=\"caption-attachment-963\" class=\"wp-caption-text\"><\/td>\n<td style=\"vertical-align: top; text-align: left; font-size: 12px; color: #000000;\"><span style=\"text-transform: uppercase; font-size: 15px; font-weight: bold; color: #370066;\">Estrat\u00e9gia e Modelo de Gest\u00e3o<\/span><br \/>\n&nbsp;<br \/>\n<span style=\"font-size: 12px; font-weight: bold; color: #000;\">Conhe\u00e7a as principais vis\u00f5es de estrat\u00e9gia e modelos de gest\u00e3o e entenda como implement\u00e1-las na sua empresa<\/span><br \/>\n&nbsp;<br \/>\n<span style=\"font-weight: bold; color: #000\">Data:<\/span> 06, 13, 20 de outubro e 03 de novembro de 2021<br \/>\n<span style=\"font-weight: bold; color: #000\">Inscri\u00e7\u00f5es at\u00e9:<\/span> 5 de outubro de 2021<br \/>\n<span style=\"font-weight: bold; color: #000\">Hor\u00e1rio:<\/span> 16h \u00e0s 18h<br \/>\n<span style=\"font-weight: bold; color: #000\">Formato das aulas:<\/span> online e ao vivo<br \/>\n<span style=\"font-weight: bold; color: #000\">Investimento:<\/span> R$ 265,00 (sem desconto de empresa associada)<br \/>\n&nbsp;<\/p>\n<form action=\"https:\/\/www.firjan.com.br\/iel\/cursos\/estrategia-e-modelo-de-gestao.htm\">\n    <input style=\"color: #FFFFFF; background-color: #370066; border-color: #d3effd\" type=\"submit\" value=\"SAIBA MAIS\" \/><br \/>\n<\/form>\n<p><\/figcaption><\/figure><\/td>\n<\/tr>\n<\/table>\n<p>&nbsp;<\/p>\n","protected":false},"excerpt":{"rendered":"<p>&nbsp;<\/p>\n","protected":false},"author":1,"featured_media":0,"parent":0,"menu_order":0,"comment_status":"open","ping_status":"open","template":"","meta":{"footnotes":""},"class_list":["post-4017","page","type-page","status-publish","hentry"],"_links":{"self":[{"href":"https:\/\/siquirj.com.br\/site2013\/wp-json\/wp\/v2\/pages\/4017","targetHints":{"allow":["GET"]}}],"collection":[{"href":"https:\/\/siquirj.com.br\/site2013\/wp-json\/wp\/v2\/pages"}],"about":[{"href":"https:\/\/siquirj.com.br\/site2013\/wp-json\/wp\/v2\/types\/page"}],"author":[{"embeddable":true,"href":"https:\/\/siquirj.com.br\/site2013\/wp-json\/wp\/v2\/users\/1"}],"replies":[{"embeddable":true,"href":"https:\/\/siquirj.com.br\/site2013\/wp-json\/wp\/v2\/comments?post=4017"}],"version-history":[{"count":11,"href":"https:\/\/siquirj.com.br\/site2013\/wp-json\/wp\/v2\/pages\/4017\/revisions"}],"predecessor-version":[{"id":4045,"href":"https:\/\/siquirj.com.br\/site2013\/wp-json\/wp\/v2\/pages\/4017\/revisions\/4045"}],"wp:attachment":[{"href":"https:\/\/siquirj.com.br\/site2013\/wp-json\/wp\/v2\/media?parent=4017"}],"curies":[{"name":"wp","href":"https:\/\/api.w.org\/{rel}","templated":true}]}}